lue of 43 + -14 + (6 + 6 - 24)?
17
Calculate (-1 - 116) + (824 + -821 - (22 - -3)).
-139
What is -54 + 47 + 19 + (-3 + -105 - 4)?
-100
What is the value of 35 + 25 + -26 + -17 + -20 - (-2 - -6)?
-7
88 - (32 + 0 - -3)
53
What is 92 + -12 + (-18 - 9) + 34?
87
Calculate -26 + -31 + 40 + -19.
-36
Calculate -5 - (-7 - -1) - (0 + -19).
20
4 - 17 - ((8 - -36) + -1)
-56
What is 87 - 133 - (3 + 6 + (0 - 5) - -3)?
-53
(-42 - ((-5 - 14) + -2)) + -8
-29
What is -4 + 1 + -4 + (-47 - -41) + 23?
10
What is -95 - (12 - (-9 - 2 - (-19 - -9)) - 14)?
-94
What is the value of -29 + 55 + -33 + (26 - 4) + -4?
11
What is -522 + 527 + 0 + (-5 - 2) + -113?
-115
What is -7 - (-54 - -58) - -10?
-1
Evaluate 10 + -22 - (12 - -11 - 36).
1
Calculate -28 + (-14 + 2 - (199 - 226)).
-13
Evaluate -12 + -26 + (18 - -2).
-18
Evaluate (63 - 103) + 85 + 9 - (1 + 5).
48
Evaluate (-35 - -5) + 68 + -12 + -12.
14
1544 - 1573 - (-2 + -3 + -25)
1
-4 + (3 + -1 - -3) - (12 - 9) - 1
-3
What is -24 - ((2 - -4) + (6 - 9))?
-27
What is 10 + (-44 - -18 - -9 - -8 - (1 - 110))?
110
39 - 8 - (-61 - -114)
-22
-50 + -31 + 108 - (2 + -3 + 1 + -3)
30
Evaluate 317 + -333 + (0 - 108) + -3 + 4 + -1.
-124
Evaluate (-3 + 0 - (-595 + 576)) + -61.
-45
Evaluate 86 + (-42 - -51) + -69.
26
29 + -61 + -17 - -28
-21
Calculate -609 + 607 - (41 + 1).
-44
Calculate -2 + -8 - -2 - (-182 + 125 - (-216 + 42)).
-125
Calculate (64 - (16 + 35)) + 4.
17
1 + -34 + (-54 - (-61 - 6))
-20
Evaluate -13 + (16 - (-5 - 2)) + -1 + -4.
5
Evaluate (-76 + 38 - -42 - (1 + 2)) + 7 - 144.
-136
40 - (-112 + 217 - 128)
63
83 - (13 - 13 - 3 - (25 - 19))
92
-60 + (-8 - (5 + -9)) + 185 + -163
-42
Evaluate -39 + -63 + 133 - (-2 - 43).
76
Calculate (-149 - -142) + 6 + (-1 + -1 - -1 - 121).
-123
-6 + 5 + (-436 - -409)
-28
What is the value of -37 + 15 + -215 + 246?
9
-139 + 185 + -75 - (-52 + -1)
24
-2 - (-2 + 1) - 31 - (-18516 - -18525)
-41
What is the value of 22 + -25 + (-14 - -15) + 31?
29
Calculate 15 + -196 + 24 - -66.
-91
What is the value of -17 + (17 - (6 + 5 + -9)) + -50?
-52
-5 - (0 + -63) - (-212 + 224)
46
What is (25 - 16 - (18 - -1) - -9) + 4 - 9?
-6
What is 45 + -4 + -28 + -10 + -17?
-14
Evaluate -13 + (-2 - -3) + 38 + -36 + (35 - 26).
-1
-49 - (-41 + -19 + 19)
-8
Calculate -62 - -142 - (3 + 15).
62
What is (608 - 659) + (-1 - -15)?
-37
-64 + -1 + -2 + 9 - (-34 + 40)
-64
Calculate 85 + -91 + 53 + -2 - -5.
50
What is 12 + (12 + 0 - (-3 + -18 + 1 + 27))?
17
What is -50 + 0 - (-34 + 71 + (24 - 46))?
-65
(69 - 67) + (-2 - 12) - (2 - -2)
-16
11 + (-25 - -9 - (-1 - 10)) - 89
-83
What is the value of 13 + -3 + -80 + 106?
36
Evaluate -18 + 24 + 2 - (34 + -74).
48
Calculate (-18 - -1) + (-1 - 14 - (-27 - -12)) + -9.
-26
Calculate (-175 - -371) + -194 - (1 + -2 - 44).
47
Evaluate 18 + (-8 + (-35 - -4) - 10).
-31
What is the value of 13 - (-32 - 72 - (-68 - -24))?
73
14 - (24 - -4 - (0 + 88))
74
-14 - (97 + (-26 - -33))
-118
Evaluate -28 - (2 + -37 - (1258 + -1402)).
-137
46 - 23 - -12 - 33 - (1 - -39 - -2)
-40
What is the value of -49 - -70 - 21 - 18?
-18
What is the value of -77 - (-5 + 14 + -33) - -25?
-28
What is the value of (-14 - 0) + -8 - -12 - -3?
-7
-120 + 78 - (-14 - 92)
64
0 + -6 + 8 + -5 + (5 + -5 - -26)
23
Calculate 152 - 160 - (-19 - -1) - (31 + -5 + -1).
-15
What is 39 - (-91 - (12 + -81))?
61
Calculate (178 - 165) + -24 + 38.
27
What is -59 + (-26 - -63 - -51)?
29
What is the value of 266 - 153 - (-5 - -54)?
64
Calculate -85 + 33 + -15 + -3 + -3 + -13 + 6.
-80
What is -21 - -7 - (-136 + 152)?
-30
What is the value of -18 + 24 - (151 + -107)?
-38
Evaluate (97 - 82) + (54 - (-4 + -13)).
86
-58 - -28 - -66 - 26 - 6
4
-174 + 178 + (0 - 9)
-5
-30 + 28 + -27 - -29
0
Calculate (2 + 0 + 18 - (-8838 - -8843)) + 7.
22
What is the value of 16 + 45 - 150 - -25?
-64
What is -48 - (19 + -21 + 0 + -12)?
-34
What is 0 + -14 - (16 - 18 - 12 - -11)?
-11
What is the value of 35 + -18 + -50 + 33 + 36?
36
What is the value of -2 - (-6 - ((1 - 4 - -43) + 8))?
52
Evaluate -130 + 183 - (5 + -4 + 29).
23
What is (-27 - (-62 - -64)) + 26?
-3
Calculate 146 - (-3 - -6) - (-54 - (-161 + 83)).
119
Evaluate 115 - -16 - (1130 + -1106).
107
What is 7 + -6 + -540 + 541 + -78 + 0 + 0?
-76
(-15 - -1) + (34 + 35 - 25)
30
What is (19 - (-39 + 38) - 60) + 38?
-2
-40 - (-2 + (8 - ((-1 + 14 - 4) + -4)))
-41
Calculate -4 - ((36 - 12) + -28) - 27.
-27
Calculate 50 - (18 + 9 + -3 + -5).
31
-4 - (-10 + 12 + 4 + -12 + -54) - 2
54
Calculate 9 + (2 - (1 - 7)) + 16 + -6 + -20.
7
Evaluate -11 + -8 + 18 + 14 + 2.
15
What is (-11 - 2) + 1 - (-48 - -13 - -33)?
-10
What is 25 + -17 + -44 + 17?
-19
2 + -44 + (-13 - (-11 + 19 - 26))
-37
-8 + (-10 - (-1 - 10 - -1)) + 12 - 12
-8
Calculate 31 + (-1 + -4 - (-15 + -39 + 73)).
7
Evaluate 1 + -61 - 0 - (86 + -83 + -1).
-62
What is the value of -45 - -33 - ((2 - -13) + (40 + -17 - 17))?
-33
Calculate 63 + -2 + 5984 + -6185.
-140
What is the value of 15 - -6 - -8 - (-5 + -2 - -7) - 10?
19
Evaluate 60 - (59 - (68 + -71)).
-2
(0 - 56) + 504 + -463
-15
What is the value of (-16 + 22 + 9 - -9) + 60?
84
15 + (-12 - (-5 - (-18 - -16)))
6
What is -140 - -155 - (37 + 3 + -1 + 7)?
-31
What is the value of 1 - 6 - (16 - -4) - (19 - (45 + -29))?
-28
What is 10 - -28 - ((-5 - -5 - 18) + 14)?
42
(39 - 1) + (9 - (3 + 1)) + -6
37
Evaluate -32 - (29 - 62) - (-21 + 1 + 2).
19
Evaluate (10 - 2) + -4 - (-1 - (-7 + -2) - -31).
-35
-69 - ((5 - (4 + -16 + 0)) + 41 + -52)
-75
What is -2 + -2 + (27 - (-10 + 21 - 2)) + 17?
31
-170 + (-35 - -182) + 16 + 1
-6
What is 4 - 39 - (6 + -2 + 1 + 3 + 2)?
-45
What is the value of (81 - (-52 - -129)) + (7 - 0) + (-2 - -1)?
10
Calculate 30 + -36 - (5 - -4 - 12).
-3
What is -105 - (-12 + -27) - -77?
11
Evaluate (-74 - 28) + (-20 - -8) + 20 - -16.
-78
(118 - (22 - -5) - 9) + (3 - 13)
72
(-738 - -728) + (1 - 8)
-17
((-9 - -2) + (-20 - (-2 + -8)) - -10) + -34
-41
Calculate 0 + 11 + 1 + -83 + (179 - 73) + -7.
28
-11223 + 11250 - (80 - 1)
-52
-2 + -15 + 208 + -168
23
Evaluate -53 + 115 + -33 - 42.
-13
What is (-61 - -10) + 271 + -152?
68
What is the value of -16 + (-1052 + 1042 - (-1 + 13))?
-38
What is 13 - 10 - 64 - (-15 - (-12 - -8) - -5)?
-55
Evaluate 17 + -41 + 19 + 33 + -5 + 1.
24
What is 2 + (9 - 18) + 24 - 4 - 20 - 22?
-29
Evaluate -36 - (-52 + 47 - (-16 + (1 - -1))).
-45
Calculate (-7 - 15 - -10) + -186 + 253.
55
2 + (66 - 71) + -5
-8
What is the value of 57 + 38 + -17 - 43?
35
(-42 - 5 - -22 - -13) + -76 + -23
-111
What is (-22 - -23 - 91) + (25 - 46)?
-111
Calculate 31 - (154 + -221) - 123.
-25
What is the value of (-8 - (-22 - -36)) + (3 - 12) + (2 - -2)?
-27
Evaluate -3 - (1 + -48) - (-758 + 761).
41
What is the value of -7 - ((6 - (23 - (-4 - -10))) + -34)?
38
-1 + ((2 - (-28 + 27)) + 1 - (-16 + 0))
19
What is 4867 + -4878 - (-52 + (-1 - 0))?
42
Calculate 1 + -63 + -40 + 39 + 17.
-46
What is the value of -15 + -1 - (20 + 9 - 17)?
-28
What is the value of (23 - (2 + -12 + 20)) + 26 + -100?
-61
Calculate 101 + (-17 + 3 - (27 + -40) - 17).
83
0 + -1 + -4 - (-185 - -150)
30
Evaluate -15 - -8 - (-59 + 5 - 8).
55
-15 + (26 - 41) + -6 - -71
35
Calculate -7073 + 7059 - (0 + 0 + (5 - 6)).
-13
What is (-3 + 0 + -106 - (-1142 - -1124)) + 14?
-77
((-10 - -10) + 17 - 94) + (-5 - -1)
-81
Evaluate -14 + 4 + (131 - 63).
58
What is (0 - -2 - (1 - -3)) + 8 - (-84 + 158)?
-68
What is -2 + -5 + 14 + (1 - 12) - -20?
16
What is the value of (12 - 25) + (-15 + 8 - (-1 - -8))?
-27
What is -7 + 41 - (18 - (-1 + -3))?
12
What is -28 + -2 + 45 - 69?
-54
Evaluate 1 - 56 - (4 + -37 + 52 - (12 + 1)).
-61
Evaluate -51 - ((-12 - -15) + -123).
69
(-5 - -11 - 6) + 41 + -53
-12
Evaluate 0 + 10 - ((-6 - (44 + -21)) + 144).
-105
Calculate 17 + (8 - 21) + -130 - -20.
-106
Calculate -8 + 74 - (35 + -14 - (3 - -7)).
55
What is the value of -1440 - -1375 - (-10 + (1 - (3 - -1)))?
-52
Evaluate 33 + (-9 + -1 - (-14 + (3 - 5) - -3)).
36
1 + 0 - ((20 - (6 + -11) - 4) + -15)
-5
(2 - ((16 - 5) + 2 - (-1 + 7))) + 5
0
31 - (146 - 70 - -4)
-49
Evaluate (-96 - 0) + (21 - -12) + -24.
-87
Calculate 38 - (23 + -91) - (20 + 0).
86
What is the value of (0 - -92) + 41 + (-45 - -14) + -28?
74
What is (7 - 13) + (263 - 252)?
5
What is (20 - -72 - -3) + -51?
44
Calculate (-58 + 49 - -65) + -54.
2
Evaluate -13 + (-4 - 3) + 55 - (-8 - -8).
35
Evaluate -77 + -71 + 99 + 0.
-